tiple of 23?
False
Is 37 a factor of 36408?
True
Is 2154 a multiple of 12?
False
Is 38 a factor of 1444?
True
Does 108 divide 24856?
False
Does 4 divide 1546?
False
Is 310 a factor of 53320?
True
Is 75 a factor of 42047?
False
Does 26 divide 348?
False
Does 19 divide 960?
False
Is 16 a factor of 592?
True
Is 9 a factor of 1647?
True
Is 2301 a multiple of 59?
True
Does 12 divide 2460?
True
Is 885 a multiple of 177?
True
Is 110 a multiple of 10?
True
Does 33 divide 20518?
False
Does 48 divide 30336?
True
Does 8 divide 42752?
True
Does 5 divide 2315?
True
Is 21 a factor of 1596?
True
Does 42 divide 2982?
True
Does 32 divide 3913?
False
Does 15 divide 239?
False
Is 55 a factor of 495?
True
Does 6 divide 474?
True
Does 3 divide 410?
False
Is 92 a factor of 10599?
False
Does 82 divide 25589?
False
Does 4 divide 1296?
True
Is 21 a factor of 756?
True
Does 6 divide 769?
False
Does 81 divide 539?
False
Is 26 a factor of 11677?
False
Is 32 a factor of 672?
True
Does 23 divide 67690?
False
Is 16 a factor of 1584?
True
Does 101 divide 2853?
False
Is 89850 a multiple of 30?
True
Is 18 a factor of 3371?
False
Is 19 a factor of 49091?
False
Is 16398 a multiple of 40?
False
Does 8 divide 192?
True
Is 18 a factor of 8585?
False
Does 16 divide 239?
False
Is 1688 a multiple of 14?
False
Does 8 divide 6296?
True
Is 21 a factor of 7167?
False
Is 120 a factor of 1674?
False
Is 316 a multiple of 5?
False
Is 74 a factor of 12454?
False
Does 46 divide 460?
True
Does 12 divide 31032?
True
Does 33 divide 3135?
True
Is 1512 a multiple of 18?
True
Is 3094 a multiple of 26?
True
Is 744 a multiple of 6?
True
Does 8 divide 496?
True
Is 21 a factor of 71421?
True
Is 3 a factor of 20297?
False
Is 44 a factor of 2816?
True
Is 65 a factor of 5370?
False
Is 90 a multiple of 30?
True
Does 6 divide 444?
True
Is 2124 a multiple of 118?
True
Is 10 a factor of 1121?
False
Is 14 a factor of 6319?
False
Is 26 a factor of 827?
False
Is 68 a factor of 1543?
False
Does 46 divide 1656?
True
Is 5 a factor of 15?
True
Is 59 a factor of 413?
True
Is 2004 a multiple of 14?
False
Does 31 divide 97991?
True
Is 1691 a multiple of 13?
False
Is 978 a multiple of 7?
False
Does 143 divide 16302?
True
Is 468 a multiple of 13?
True
Is 1430 a multiple of 11?
True
Does 54 divide 5093?
False
Is 78 a factor of 15384?
False
Does 13 divide 109083?
True
Is 1688 a multiple of 9?
False
Is 162 a factor of 49744?
False
Does 8 divide 72?
True
Is 13 a factor of 5329?
False
Does 17 divide 1488?
False
Is 88085 a multiple of 79?
True
Is 58 a factor of 638?
True
Does 19 divide 1304?
False
Is 34734 a multiple of 64?
False
Is 748 a multiple of 68?
True
Does 27 divide 23004?
True
Does 16 divide 13456?
True
Is 1118 a multiple of 21?
False
Does 13 divide 6123?
True
Does 5 divide 8146?
False
Does 6 divide 8353?
False
Is 3 a factor of 3958?
False
Is 115 a multiple of 3?
False
Is 16936 a multiple of 232?
True
Is 47 a factor of 1316?
True
Is 23 a factor of 97?
False
Does 38 divide 13345?
False
Is 11 a factor of 537?
False
Is 34 a factor of 1224?
True
Does 49 divide 1372?
True
Is 93 a factor of 20838?
False
Does 55 divide 890?
False
Is 65 a factor of 845?
True
Is 31 a factor of 12090?
True
Is 9720 a multiple of 36?
True
Does 165 divide 25121?
False
Does 32 divide 15912?
False
Does 135 divide 405?
True
Is 102 a factor of 5153?
False
Does 9 divide 9299?
False
Is 21 a factor of 2042?
False
Is 84 a factor of 924?
True
Does 4 divide 17?
False
Is 19 a factor of 244?
False
Does 94 divide 3353?
False
Is 51783 a multiple of 12?
False
Is 12 a factor of 208?
False
Is 82 a factor of 42433?
False
Does 5 divide 2290?
True
Does 7 divide 223?
False
Is 2972 a multiple of 53?
False
Is 104 a factor of 21424?
True
Is 356 a factor of 43788?
True
Is 2 a factor of 2194?
True
Does 70 divide 8260?
True
Is 4945 a multiple of 4?
False
Is 224 a multiple of 8?
True
Is 92 a factor of 6841?
False
Does 6 divide 508?
False
Is 6202 a multiple of 55?
False
Is 62 a factor of 1082?
False
Does 8 divide 64?
True
Is 98 a multiple of 9?
False
Does 4 divide 3821?
False
Does 40 divide 1678?
False
Does 38 divide 14934?
True
Is 6664 a multiple of 34?
True
Is 4 a factor of 3444?
True
Is 2744 a multiple of 28?
True
Does 35 divide 4015?
False
Is 12 a factor of 5865?
False
Is 375 a multiple of 46?
False
Is 606 a multiple of 8?
False
Is 31 a factor of 720?
False
Is 103422 a multiple of 33?
True
Is 5 a factor of 7793?
False
Is 196 a multiple of 6?
False
Is 600 a multiple of 103?
False
Does 40 divide 438?
False
Is 34 a factor of 544?
True
Does 94 divide 2444?
True
Is 13 a factor of 403?
True
Is 19448 a multiple of 20?
False
Is 766 a multiple of 171?
False
Is 41 a multiple of 5?
False
Is 8976 a multiple of 132?
True
Is 97534 a multiple of 13?
False
Does 22 divide 2838?
True
Is 31 a factor of 124?
True
Is 13 a factor of 15308?
False
Is 2911 a multiple of 8?
False
Is 12122 a multiple of 29?
True
Is 4390 a multiple of 106?
False
Is 1226 a multiple of 17?
False
Does 20 divide 41983?
False
Is 4 a factor of 40?
True
Does 19 divide 27322?
True
Does 56 divide 46536?
True
Does 7 divide 50159?
False
Does 28 divide 4732?
True
Is 791 a multiple of 39?
False
Does 70 divide 591?
False
Is 672 a multiple of 5?
False
Does 15 divide 7324?
False
Is 24 a factor of 451?
False
Is 11572 a multiple of 11?
True
Is 2430 a multiple of 90?
True
Is 70 a factor of 24430?
True
Is 2083 a multiple of 114?
False
Is 3080 a multiple of 40?
True
Is 6 a factor of 546?
True
Does 9 divide 1508?
False
Is 728 a multiple of 4?
True
Is 2506 a multiple of 14?
True
Does 88 divide 3781?
False
Does 27 divide 12069?
True
Is 58 a factor of 22794?
True
Is 16024 a multiple of 78?
False
Is 1088 a multiple of 8?
True
Does 299 divide 22425?
True
Is 713 a multiple of 31?
True
Does 20 divide 5620?
True
Is 372 a multiple of 31?
True
Does 60 divide 755?
False
Does 34 divide 69667?
False
Does 13 divide 18899?
False
Is 14 a factor of 23064?
False
Is 1012 a multiple of 46?
True
Is 370 a multiple of 4?
False
Is 550 a multiple of 10?
True
Is 4 a factor of 120?
True
Does 61 divide 11299?
False
Is 4 a factor of 74?
False
Does 4 divide 1016?
True
Does 21 divide 1344?
True
Is 3794 a multiple of 7?
True
Is 49215 a multiple of 17?
True
Is 2403 a multiple of 91?
False
Is 2880 a multiple of 36?
True
Is 97 a factor of 2515?
False
Does 62 divide 790?
False
Is 15 a factor of 20599?
False
Is 3030 a multiple of 15?
True
Is 67 a factor of 29882?
True
Is 10 a factor of 45531?
False
Is 97 a factor of 783?
False
Is 548 a multiple of 6?
False
Is 7488 a multiple of 144?
True
Does 61 divide 42029?
True
Is 79 a factor of 54431?
True
Does 101 divide 6578?
False
Is 3740 a multiple of 22?
True
Does 274 divide 25756?
True
Is 16 a factor of 9440?
True
Is 632 a multiple of 5?
False
Is 26 a factor of 416?
True
Does 23 divide 12834?
True
Is 2178 a multiple of 38?
False
Does 8 divide 2108?
False
Is 5 a factor of 149?
False
Is 3 a factor of 17808?
True
Is 595 a multiple of 17?
True
Is 10920 a multiple of 3?
True
Does 5 divide 9735?
True
Does 44 divide 11561?
False
Is 6624 a multiple of 12?
True
Is 712 a multiple of 8?
True
Is 5526 a multiple of 4?
False
Does 32 divide 24675?
False
Is 24420 a multiple of 20?
True
Is 22 a factor of 23100?
True
Does 115 divide 4715?
True
Is 14 a factor of 78340?
False
Does 48 divide 92181?
False
Is 304 a factor of 1520?
True
Is 183 a factor of 45250?
False
Is 11 a factor of 487?
False
Is 101304 a multiple of 75?
False
Is 4863 a multiple of 40?
False
Is 51 a factor of 55?
False
Is 616 a multiple of 44?
True
Is 3105 a multiple of 69?
True
Does 10 divide 10010?
True
Is 2992 a multiple of 88?
True
Is 13 a factor of 29807?
False
Does 13 divide 1768?
True
Does 18 divide 1602?
True
Is 177 a factor of 1593?
True
Is 2718 a multiple of 45?
False
Does 21 divide 373?
False
Is 1359 a multiple of 9?
True
Does 276 divide 69726?
False
Does 62 divide 8441?
False
Is 33184 a multiple of 68?
True
Is 25 a factor of 397?
False
Is 46 a factor of 3496?
True
Is 691 even?
False
Is 16886 a multiple of 12?
False
Is 42722 a multiple of 41?
True
Does 65 divide 702?
False
Is 2061 a multiple of 35?
False
Does 85 divide 1821?
False
Is 6788 a multiple of 13?
False
Is 11 a factor of 1551?
True
Does 73 divide 2847?
True
Is 107 a factor of 2461?
True
Does 15 divide 2595?
True